59444?
1
What is the hundreds digit of 4067204282?
2
What is the tens digit of 300586149?
4
What is the hundreds digit of 66491035?
0
What is the hundreds digit of 1713784215?
2
What is the units digit of 206802563?
3
What is the ten millions digit of 47372695?
4
What is the thousands digit of 2796470678?
0
What is the hundreds digit of 1068206503?
5
What is the millions digit of 257997997?
7
What is the billions digit of 1057236084?
1
What is the millions digit of 50042946?
0
What is the units digit of 103994973?
3
What is the thousands digit of 121758774?
8
What is the ten millions digit of 2199386902?
9
What is the units digit of 49075561?
1
What is the ten millions digit of 1018608426?
1
What is the hundreds digit of 915226019?
0
What is the ten millions digit of 24304176?
2
What is the units digit of 29416099?
9
What is the hundred millions digit of 489150929?
4
What is the units digit of 2836735159?
9
What is the hundred thousands digit of 46437578?
4
What is the hundreds digit of 142740530?
5
What is the hundreds digit of 40173916?
9
What is the thousands digit of 1532511413?
1
What is the units digit of 69744402?
2
What is the ten millions digit of 242881193?
4
What is the hundred thousands digit of 39350741?
3
What is the thousands digit of 42814804?
4
What is the ten millions digit of 12679634?
1
What is the hundred thousands digit of 6564444?
5
What is the millions digit of 163421845?
3
What is the ten millions digit of 280493799?
8
What is the ten millions digit of 532403101?
3
What is the ten thousands digit of 119439642?
3
What is the hundred millions digit of 585417130?
5
What is the ten thousands digit of 15406655?
0
What is the ten thousands digit of 393174377?
7
What is the hundred thousands digit of 1509250092?
2
What is the thousands digit of 1107369256?
9
What is the ten millions digit of 522836840?
2
What is the hundreds digit of 52090654?
6
What is the hundred thousands digit of 3167699219?
6
What is the hundred thousands digit of 18488352?
4
What is the hundreds digit of 50294096?
0
What is the units digit of 1189294325?
5
What is the millions digit of 115214360?
5
What is the tens digit of 932115159?
5
What is the units digit of 250476031?
1
What is the tens digit of 4582426?
2
What is the hundreds digit of 62731698?
6
What is the tens digit of 1126863579?
7
What is the hundred thousands digit of 337400591?
4
What is the hundred millions digit of 277926050?
2
What is the ten millions digit of 259215682?
5
What is the hundreds digit of 449459185?
1
What is the ten millions digit of 382866816?
8
What is the hundred millions digit of 128742916?
1
What is the ten thousands digit of 1213930969?
3
What is the thousands digit of 4874109?
4
What is the tens digit of 156500390?
9
What is the hundred millions digit of 1717229793?
7
What is the ten thousands digit of 3881530137?
3
What is the ten thousands digit of 2617705406?
0
What is the hundreds digit of 406412507?
5
What is the thousands digit of 1241324590?
4
What is the tens digit of 100599996?
9
What is the ten millions digit of 191983519?
9
What is the tens digit of 226026951?
5
What is the ten thousands digit of 49291605?
9
What is the ten millions digit of 26035470?
2
What is the ten thousands digit of 1073955412?
5
What is the tens digit of 43734017?
1
What is the millions digit of 95537171?
5
What is the ten thousands digit of 243803577?
0
What is the units digit of 2101996327?
7
What is the ten thousands digit of 6451420?
5
What is the hundred thousands digit of 3404505741?
5
What is the ten thousands digit of 151441770?
4
What is the thousands digit of 122448282?
8
What is the hundred millions digit of 846636711?
8
What is the units digit of 2433832025?
5
What is the hundreds digit of 3723488965?
9
What is the hundred millions digit of 1201599070?
2
What is the thousands digit of 360312415?
2
What is the hundred thousands digit of 54226139?
2
What is the hundred thousands digit of 32828605?
8
What is the millions digit of 169720266?
9
What is the units digit of 169946620?
0
What is the hundred thousands digit of 60472542?
4
What is the ten thousands digit of 16608185?
0
What is the ten thousands digit of 181266743?
6
What is the hundred thousands digit of 277231990?
2
What is the ten millions digit of 4946239202?
4
What is the ten millions digit of 217357117?
1
What is the tens digit of 324361399?
9
What is the ten thousands digit of 428379113?
7
What is the hundreds digit of 1459416038?
0
What is the thousands digit of 199146783?
6
What is the millions digit of 381661833?
1
What is the tens digit of 2943566?
6
What is the ten thousands digit of 794229863?
2
What is the hundred thousands digit of 1070802697?
8
What is the units digit of 93520463?
3
What is the units digit of 1467538531?
1
What is the hundreds digit of 377157977?
9
What is the hundred thousands digit of 260728787?
7
What is the ten thousands digit of 2112077520?
7
What is the hundred thousands digit of 99551469?
5
What is the hundred millions digit of 881920813?
8
What is the ten thousands digit of 178294141?
9
What is the hundred thousands digit of 26042876?
0
What is the ten thousands digit of 85834429?
3
What is the tens digit of 7443795?
9
What is the tens digit of 117558813?
1
What is the hundred thousands digit of 1875427?
8
What is the millions digit of 354072882?
4
What is the units digit of 66443278?
8
What is the hundred thousands digit of 46875826?
8
What is the hundred thousands digit of 203573043?
5
What is the hundred millions digit of 214652043?
2
What is the ten millions digit of 14546858?
1
What is the ten thousands digit of 416681745?
8
What is the units digit of 2172977625?
5
What is the ten millions digit of 1609401911?
0
What is the units digit of 146347709?
9
What is the ten thousands digit of 1115594220?
9
What is the units digit of 197247259?
9
What is the ten thousands digit of 293542157?
4
What is the hundred millions digit of 536214308?
5
What is the millions digit of 93439445?
3
What is the hundred thousands digit of 48128215?
1
What is the ten thousands digit of 2869182013?
8
What is the tens digit of 42444302?
0
What is the ten millions digit of 338267098?
3
What is the hundred thousands digit of 2098128503?
1
What is the hundred thousands digit of 154869497?
8
What is the ten thousands digit of 5405495807?
9
What is the hundred thousands digit of 103133907?
1
What is the tens digit of 353479901?
0
What is the thousands digit of 42118298?
8
What is the hundred thousands digit of 289109?
2
What is the hundred thousands digit of 73872177?
8
What is the tens digit of 93181313?
1
What is the millions digit of 2061169189?
1
What is the hundreds digit of 19571330?
3
What is the ten millions digit of 12863454?
1
What is the tens digit of 72721760?
6
What is the ten thousands digit of 68210246?
1
What is the millions digit of 743156933?
3
What is the ten thousands digit of 176961178?
6
What is the ten thousands digit of 32395918?
9
What is the ten millions digit of 4555466993?
5
What is the millions digit of 1491867657?
1
What is the hundred thousands digit of 266014217?
0
What is the ten millions digit of 42198743?
4
What is the billions digit of 4668648355?
4
What is the hundred thousands digit of 58801356?
8
What is the thousands digit of 455504585?
4
What is the units digit of 980606833?
3
What is the thousands digit of 377445118?
5
What is the ten thousands digit of 136442703?
4
What is the ten thousands digit of 5236966774?
6
What is the ten thousands digit of 699804493?
0
What is the ten thousands digit of 2908646885?
4
What is the hundred millions digit of 514655696?
5
What is the millions digit of 3698666350?
8
What is the ten millions digit of 432074439?
3
What is the ten millions digit of 86356712?
8
What is the ten thousands digit of 42971793?
7
What is the tens digit of 1649770641?
4
What is the tens digit of 64026793?
9
What is the ten millions digit of 46070726?
4
What is the ten millions digit of 474218216?
7
What is the ten thousands digit of 561048413?
4
What is the billions digit of 1044745162?
1
What is the hundred thousands digit of 116170969?
1
What is the millions digit of 18822459?
8
What is the ten thousands digit of 2598438851?
3
What is the tens 